 3. Let a = p + 18. List the prime factors of a.
17
Suppose 2*r - 3*r = -m - 1, 4*r - 2*m - 10 = 0. Let s(f) = -9*f - 6. Let j be s(-4). Suppose r*w = w + j. What are the prime factors of w?
2, 5
Let n(d) = 5*d**2 - 2*d + 1. Let p be 1 - (-2 + (-2 - -2)). Let a be n(p). Suppose -20 = -5*m + a. List the prime factors of m.
2, 3
Suppose 5*m = m - l + 316, 0 = 4*m + 4*l - 328. What are the prime factors of m?
2, 3, 13
Suppose -4*i + 153 = -2107. Suppose -5*o + i = 5*s, -5*s + 2*o + 581 = -o. Suppose -5*b - 4*l = -2*l - s, 0 = -3*b + 3*l + 69. What are the prime factors of b?
23
Let x(r) = -3*r**3 - r**2 + 2*r - 1. Let n be x(1). List the prime factors of (6/(-4))/(n/40).
2, 5
Let i = 0 - -3. Suppose -4*k = -0*k + 2*n - 180, -i*k + n = -145. Suppose -18 = -5*h + k. List the prime factors of h.
13
Let z = 7 + -15. Let d(s) = s + 15. What are the prime factors of d(z)?
7
Let i(q) = -q**2 - 4*q + 5. Let c be i(-5). Suppose -6*l + l + 95 = c. List the prime factors of l.
19
Let y(v) = -v**3 + 11*v**2 - 8*v + 5. What are the prime factors of y(10)?
5
Let j(v) be the second derivative of -v**5/20 - 5*v**4/12 + 7*v**3/6 + 5*v**2/2 - 3*v. Let z be j(-6). Let r = z + 17. What are the prime factors of r?
2
List the prime factors of ((-196)/3)/(0 - (-6)/(-18)).
2, 7
Let i(h) = -h**3 - 14*h**2 - 7*h - 15. List the prime factors of i(-14).
83
Suppose 0*x + 3*x + 9 = 0. Let t be 6*(x - 21/(-9)). What are the prime factors of 2/t - (-10)/4?
2
Suppose y - 12 = 2*l, 5*y + 7*l + 15 = 2*l. Suppose 96 = 3*a - 2*q, -5*q - 62 = -y*a - 3*q. List the prime factors of a.
2, 17
Suppose -w - 6 = 5*h, 0 = -6*h + 3*h + w - 2. Let z = 1 - h. Let f(k) = 3*k**2 - k - 2. List the prime factors of f(z).
2
Let t(f) = 3*f - 4. Let o be t(2). List the prime factors of (-3 + o)*(-36)/4.
3
Let r(c) = 7*c**2 - 3*c + 4. Let k be r(3). Suppose -2 - k = -4*d. List the prime factors of d.
3, 5
Suppose -4*v + 0*c + 74 = c, -2*c = 4. List the prime factors of v.
19
Let m = 159 - -24. What are the prime factors of m?
3, 61
Let t be 3/2 - (-3)/6. Suppose 3*q + t = 11. What are the prime factors of q?
3
Suppose 0 = -5*w - o + 323 + 590, 0 = w + 4*o - 194. What are the prime factors of w?
2, 7, 13
Let v be ((-6)/(-4))/((-6)/8). List the prime factors of (-1)/(-1) + (8 - v).
11
Let y = -14 + 20. What are the prime factors of y?
2, 3
Let i(x) = -x**3 - 2*x - 1. Let w be i(-1). Suppose w*o = 5*o - 96. What are the prime factors of o?
2
Let r(f) = -6*f**2 - 4*f - 3. Let x be r(-3). Let g = 92 + x. What are the prime factors of g?
47
Let b(j) = -j + 5. List the prime factors of b(-3).
2
Let o be (-18)/(-5) - 14/(-35). Suppose -3*a = -2*s - 3, -s - 2*a - 12 = -0*s. What are the prime factors of (o/(-3))/(s/45)?
2, 5
Let d = -32 - -37. Let b(p) = -2*p - 5. Let u be b(-5). Suppose -j = -n - 14, u*j + 0*n + d*n - 110 = 0. List the prime factors of j.
2, 3
Suppose 4*u - 3*g = 28, 0 = -2*u + 4*u - 4*g - 24. Suppose q + 6 = -u*k, 2*q + k + 27 = 6*q. List the prime factors of q.
2, 3
Let u(h) = 3*h**3 + 3*h**2 - 9*h - 5. Let b(o) = 4*o**3 + 4*o**2 - 10*o - 5. Let t(j) = 2*b(j) - 3*u(j). List the prime factors of t(-4).
5
Let c(f) = -24*f + 1. Let x be c(-1). Let p = 40 - x. What are the prime factors of p?
3, 5
Suppose 25 + 7 = 2*w. Suppose 0*p - 2*p + w = 0. Suppose -5*f + 2 = -p. What are the prime factors of f?
2
List the prime factors of 1*16*6/4.
2, 3
List the prime factors of ((152/(-32))/(2/8))/(-1).
19
What are the prime factors of 184/12 + (-1)/3?
3, 5
Let r(v) = -v**3 + 8*v**2 - 4*v - 3. Let q(h) = h - 1. Let k(d) = -6*q(d) + r(d). Let u be k(7). Let y = u - -30. What are the prime factors of y?
2, 3
Let r(n) = -n**3 + 4*n**2 + 2*n - 4. Let b be r(4). Suppose j = -0*s + 3*s - 72, -b*s + 4*j + 88 = 0. Let t = s - 4. List the prime factors of t.
3, 7
Let w(z) = z**2 + 3*z + 1. What are the prime factors of w(-8)?
41
Let u(b) = b**2 - 2*b + 2. Let z be u(2). Suppose 2*y = 1 - 3. List the prime factors of 13*y*(-3 + z).
13
Let l(u) = 13*u - 2. Let o be l(-2). Let d = o - -39. List the prime factors of d.
11
Suppose 2*v + 6 = 2*g - 12, -4*g = 3*v - 8. Let l be v/10 + (-36)/(-15). Suppose -l*o + 0*o = -22. List the prime factors of o.
11
Let g be 84/35*(11 + -1). Let b = -2 + g. List the prime factors of b.
2, 11
Suppose 3*g - 4*g = 0. Suppose g = -4*s - 3*h - 24, 0 = 4*s - 2*s + 5*h + 26. List the prime factors of -5 - s - (-14)/1.
2, 3
Let n = -3 + 17. Let c be (-260)/(-117) - (-2)/(-9). Suppose -c*l = -n - 0. What are the prime factors of l?
7
Suppose -a = -2*a - 2. Let h be ((-2)/(0 + a))/(-1). List the prime factors of h/5 + (-11)/(-5).
2
Let d(i) = 7*i**2 + 2*i - 2. Let z be (-24)/(-10) + (-8)/20. What are the prime factors of d(z)?
2, 3, 5
Suppose -i - 2 = -4. Suppose 21 - 2 = 3*d - 5*j, -i*d = 4*j - 20. List the prime factors of d.
2
Suppose -5*p = 3*r - 46, -r - 2*p + 5 = -10. What are the prime factors of r?
17
Suppose 2*w = -2*j, 2*w + j + 0*j = -2. Let n = w + -1. List the prime factors of (-15)/(-2)*(-4)/n.
2, 5
Suppose f + t - 23 = 0, -2*t = -2*f + 29 + 17. What are the prime factors of f?
23
List the prime factors of (-4)/(-7) - 12584/(-77).
2, 41
Suppose 6*g - 5*g = 74. What are the prime factors of g?
2, 37
Suppose 303 = 2*j - 281. List the prime factors of j.
2, 73
Suppose 1 + 28 = -v. Let k = -12 - v. List the prime factors of k.
17
Let z(h) = -h**3 + 10*h**2 - 18*h + 8. What are the prime factors of z(7)?
29
Let y(a) = -a**3 - a + 39. List the prime factors of y(0).
3, 13
Let t(y) = -y**3 + 3*y**2 - 2. Let a be t(2). Suppose a*d - w = w + 10, 3*w = 5*d - 21. What are the prime factors of 3 + d - (0 - 0)?
2, 3
Let h = -3 - -9. Suppose 4*y - 26 = h. What are the prime factors of y?
2
Let s(g) = -g + 4. Let l be s(-6). Let t = l + 8. List the prime factors of t.
2, 3
Suppose 5*d + 126 = 2*h - 95, -397 = -4*h - 5*d. Suppose -5*x - f + 28 = -h, 57 = 2*x + 5*f. Let i = -9 + x. What are the prime factors of i?
17
Suppose 5*l - 2*l - 39 = 0. List the prime factors of l.
13
Suppose 0 = 6*t - 60 - 18. What are the prime factors of t?
13
Suppose 0 = 4*d - 196 - 80. What are the prime factors of d?
3, 23
Suppose k - 4 = -2*v, 2*v - 9 = -3*k + 3. Suppose 53 = k*a + s, -2*a + s = -0*s - 25. What are the prime factors of a?
13
Let g be (0 + (-3)/(-9))*6. Suppose 8 = 3*z - 5*z, 0 = g*l - z + 16. Let m = -5 - l. What are the prime factors of m?
5
Let c(a) = -a**2 - 1. Let g(x) = -x**3 + 8*x**2 + 5*x + 4. Let q(p) = -2*c(p) - g(p). What are the prime factors of q(7)?
2, 3
Let s be ((-6)/4)/((-6)/112). Suppose 5*x + 5 - s = 4*d, 0 = -5*d + 5*x - 30. Let o(m) = -m + 1. What are the prime factors of o(d)?
2
Let f(j) = j**2 + 7*j - 8. List the prime factors of f(5).
2, 13
What are the prime factors of 7/((65/(-150))/(-13))?
2, 3, 5, 7
Suppose 4*q + q + 81 = g, 51 = -3*q + 3*g. Let u = 46 + q. Suppose 5*t - u = -2*n, -31 = -2*t + 4*n - n. List the prime factors of t.
2
Suppose -4*u + 0*v - v + 9 = 0, -3*u = -5*v - 1. Suppose r - 10 = -c - 0, -u*c + r + 26 = 0. Suppose q = 2*q - c. What are the prime factors of q?
2, 3
Let x(c) = c**2 - 5*c + 5. Let z be x(5). Suppose 0 = g + 3*u, 0*g + 2*u = z*g + 34. What are the prime factors of 9 - g/((-6)/2)?
7
Let x = 77 - -49. What are the prime factors of x?
2, 3, 7
Suppose -2*s + s = -19. Suppose 3*w - s = 17. What are the prime factors of w?
2, 3
Let f(t) = 4*t - 2. Let z(r) = 2*r**2 - 3*r. Let o = -2 - -4. Let y be z(o). What are the prime factors of f(y)?
2, 3
Let k(b) = -24*b - 2. List the prime factors of k(-5).
2, 59
Suppose -27 = 4*l - 7. Let z(v) = -4*v - 5. Let g be z(l). Suppose 3*y = 6*y - g. List the prime factors of y.
5
Let i(x) = -x**3 + 7*x**2 + 7*x + 1. Let s be i(7). Let z = s - 12. What are the prime factors of z?
2, 19
Suppose -2*i + 10 = 2*a, -i + 2*a + 9 = 1. Let j = -6 + i. Suppose -4*d + j*d + 8 = 0. What are the prime factors of d?
2
What are the prime factors of 26/(-39) - 334/(-6)?
5, 11
Let i = -1 + 1. Suppose 0 = -i*v + 3*v - 165. What are the prime factors of v?
5, 11
Let d(w) = 2*w - 10. Let p be d(-6). Let m = 49 + p. List the prime factors of m.
3
Let t(n) = -n**2 - 9*n + 4. What are the prime factors of t(-7)?
2, 3
Suppose 3*b + 57 = -60. Let l = 16 + b. Let g = l - -41. What are the prime factors of g?
2, 3
Let g be (5 - 6) + 2